489814421?
2
What is the hundreds digit of 202706896?
8
What is the ten thousands digit of 3930633?
3
What is the tens digit of 300846983?
8
What is the hundreds digit of 3421531538?
5
What is the ten millions digit of 788298261?
8
What is the units digit of 317996970?
0
What is the ten thousands digit of 44411172?
1
What is the hundreds digit of 164967083?
0
What is the thousands digit of 2135081103?
1
What is the ten thousands digit of 80217040?
1
What is the ten millions digit of 7559829431?
5
What is the thousands digit of 61946809?
6
What is the tens digit of 1029470456?
5
What is the tens digit of 60265875?
7
What is the millions digit of 1661898023?
1
What is the hundred thousands digit of 128856973?
8
What is the units digit of 305362180?
0
What is the hundred thousands digit of 9641990?
6
What is the ten thousands digit of 61137158?
3
What is the millions digit of 1090378725?
0
What is the millions digit of 138706150?
8
What is the millions digit of 2653143483?
3
What is the thousands digit of 51679512?
9
What is the millions digit of 4485963245?
5
What is the hundred thousands digit of 4426274416?
2
What is the units digit of 17427371?
1
What is the thousands digit of 34521951?
1
What is the hundreds digit of 57501495?
4
What is the thousands digit of 741759847?
9
What is the thousands digit of 86481821?
1
What is the ten millions digit of 22361545?
2
What is the hundred millions digit of 146888464?
1
What is the hundreds digit of 659240083?
0
What is the tens digit of 14629751?
5
What is the hundred millions digit of 124304202?
1
What is the millions digit of 61617596?
1
What is the ten thousands digit of 1239487992?
8
What is the units digit of 34182652?
2
What is the hundred millions digit of 2526129013?
5
What is the thousands digit of 332838321?
8
What is the ten thousands digit of 100299416?
9
What is the ten millions digit of 730580347?
3
What is the hundred thousands digit of 49461595?
4
What is the hundred thousands digit of 163737320?
7
What is the tens digit of 156370918?
1
What is the ten millions digit of 575471534?
7
What is the hundred thousands digit of 28059670?
0
What is the tens digit of 334634765?
6
What is the tens digit of 170453119?
1
What is the hundred thousands digit of 242316530?
3
What is the millions digit of 467286011?
7
What is the millions digit of 29185705?
9
What is the units digit of 115601323?
3
What is the ten millions digit of 233071656?
3
What is the ten millions digit of 350935815?
5
What is the hundreds digit of 7067614214?
2
What is the tens digit of 102525190?
9
What is the tens digit of 1262331726?
2
What is the thousands digit of 3264862699?
2
What is the hundred thousands digit of 722451836?
4
What is the units digit of 157337440?
0
What is the hundreds digit of 1678279899?
8
What is the millions digit of 17199635?
7
What is the tens digit of 7242188588?
8
What is the tens digit of 2731925038?
3
What is the units digit of 111549044?
4
What is the tens digit of 1598622539?
3
What is the hundred thousands digit of 118591081?
5
What is the hundreds digit of 29475582?
5
What is the ten thousands digit of 3428148?
2
What is the ten millions digit of 59717542?
5
What is the hundreds digit of 1029207720?
7
What is the ten thousands digit of 1415571243?
7
What is the hundred thousands digit of 15813496?
8
What is the ten thousands digit of 60313407?
1
What is the ten millions digit of 31780567?
3
What is the hundred thousands digit of 123534249?
5
What is the tens digit of 21206369?
6
What is the hundred millions digit of 386784528?
3
What is the ten millions digit of 711691995?
1
What is the ten millions digit of 308131116?
0
What is the millions digit of 26821326?
6
What is the ten thousands digit of 898566280?
6
What is the hundred thousands digit of 190420922?
4
What is the ten thousands digit of 1872329490?
2
What is the hundred thousands digit of 30074476?
0
What is the units digit of 9992207?
7
What is the thousands digit of 52226943?
6
What is the units digit of 63976479?
9
What is the hundreds digit of 5449969?
9
What is the thousands digit of 24767646?
7
What is the millions digit of 619637824?
9
What is the ten thousands digit of 499154028?
5
What is the hundreds digit of 3151351?
3
What is the thousands digit of 24309068?
9
What is the ten thousands digit of 18587218?
8
What is the thousands digit of 2681666647?
6
What is the ten millions digit of 37008540?
3
What is the thousands digit of 66345347?
5
What is the tens digit of 5805749909?
0
What is the ten thousands digit of 40785375?
8
What is the hundred thousands digit of 260393761?
3
What is the hundred millions digit of 178002520?
1
What is the hundreds digit of 47506235?
2
What is the hundred thousands digit of 561656089?
6
What is the thousands digit of 52508154?
8
What is the hundred millions digit of 5443048758?
4
What is the hundreds digit of 440828543?
5
What is the ten millions digit of 53640869?
5
What is the tens digit of 182196624?
2
What is the ten thousands digit of 69116774?
1
What is the hundreds digit of 44942634?
6
What is the hundred thousands digit of 282634919?
6
What is the hundred millions digit of 2021819264?
0
What is the hundred millions digit of 576776417?
5
What is the ten thousands digit of 5492312173?
1
What is the ten thousands digit of 19790720?
9
What is the hundreds digit of 62403133?
1
What is the ten thousands digit of 190222208?
2
What is the hundred thousands digit of 1185064?
1
What is the hundreds digit of 4554468415?
4
What is the hundred millions digit of 111495694?
1
What is the hundreds digit of 463987972?
9
What is the tens digit of 205026913?
1
What is the units digit of 48930637?
7
What is the billions digit of 1151243860?
1
What is the ten millions digit of 5665554958?
6
What is the ten millions digit of 649013633?
4
What is the tens digit of 494676596?
9
What is the millions digit of 157154029?
7
What is the units digit of 529309547?
7
What is the ten millions digit of 1448598773?
4
What is the hundreds digit of 103575743?
7
What is the units digit of 66836644?
4
What is the hundred thousands digit of 44287246?
2
What is the hundreds digit of 152144306?
3
What is the ten millions digit of 105566155?
0
What is the millions digit of 158954141?
8
What is the hundred thousands digit of 584894162?
8
What is the ten thousands digit of 3829922737?
2
What is the hundred thousands digit of 219720167?
7
What is the ten thousands digit of 130462171?
6
What is the hundreds digit of 381877971?
9
What is the millions digit of 29831397?
9
What is the units digit of 39926763?
3
What is the ten millions digit of 16174289?
1
What is the millions digit of 192205851?
2
What is the millions digit of 593587811?
3
What is the units digit of 86364838?
8
What is the units digit of 50403752?
2
What is the hundred thousands digit of 73791659?
7
What is the thousands digit of 82120909?
0
What is the ten thousands digit of 32642169?
4
What is the ten thousands digit of 814374365?
7
What is the ten thousands digit of 39107245?
0
What is the tens digit of 3212595592?
9
What is the hundred thousands digit of 1893366?
8
What is the ten thousands digit of 102245434?
4
What is the ten thousands digit of 118643216?
4
What is the hundred millions digit of 333199514?
3
What is the ten millions digit of 1847627604?
4
What is the hundred thousands digit of 682863431?
8
What is the hundreds digit of 579867177?
1
What is the hundred thousands digit of 68348128?
3
What is the units digit of 861179462?
2
What is the thousands digit of 237916327?
6
What is the ten millions digit of 25926520?
2
What is the hundreds digit of 7236706021?
0
What is the hundred millions digit of 575939767?
5
What is the units digit of 61134953?
3
What is the ten thousands digit of 1879809411?
0
What is the ten millions digit of 1649763622?
4
What is the ten millions digit of 270224780?
7
What is the millions digit of 355913226?
5
What is the hundred thousands digit of 2450380702?
3
What is the hundred thousands digit of 2676993389?
9
What is the ten millions digit of 87265895?
8
What is the hundred thousands digit of 941997359?
9
What is the hundreds digit of 56244611?
6
What is the hundred thousands digit of 2986542695?
5
What is the millions 